)?
-5
What is the value of 8 + (7 - 3) + -11?
1
-8 + (9 - (7 + -5))
-1
What is the value of 2 + 5 - (-26 - -33)?
0
What is -7 - (0 + -5 + 1)?
-3
(8 - 6 - 7) + (9 - -2)
6
Calculate 3 + 5 - (7 - 0).
1
Evaluate -1 - (-8 - -1 - (48 - 50)).
4
Evaluate -11 + -10 + 13 + -2 + 4.
-6
What is the value of -11 - (7 - 9 - 1)?
-8
Evaluate -2 + 6 - (-10 + 9).
5
Calculate (-3 + 4 - (-2 - -1)) + 1.
3
Calculate (-2 - (-7 - -8)) + -1 - -8.
4
Calculate (0 - (17 - 8)) + 6.
-3
Evaluate 1 - -2 - (3 - -2) - -6.
4
Calculate (-4 - 0) + (4 - 0).
0
What is 4 + (5 - 18) + 2 + 2?
-5
What is the value of 3 + -2 + -5 - (48 + -52)?
0
Evaluate -10 - (7 - (7 - -4)).
-6
1 - 0 - 0 - (-11 + 8)
4
Evaluate -2 + 8 + -10 + 2 + 6.
4
Calculate 5 - (0 + -3 + (3 - 0)).
5
Evaluate -2 - -10 - (8 - 3 - -1).
2
Evaluate -1 + -4 + -1 + 18 + -21.
-9
Evaluate 5 + -1 + (-3 - -1) - 5.
-3
208 + -209 - (1 + 0 + 7)
-9
What is (7 - (14 + -8)) + -3?
-2
What is the value of (2 - -3 - -3) + -5?
3
0 + -1 + 4 + 35 + -33
5
6 - (-4 + 7 + -5)
8
Evaluate -6 + (3 - (2 + 4 + -5)).
-4
What is (4 - (-8 - -19)) + 9 + -8?
-6
What is 9 - (14 + (-22 - -11))?
6
Calculate -5 + (0 - (-2 - -2)).
-5
Evaluate (1 + 2 - 2) + -10 + 7.
-2
7 + (-5 - (-8 - -11))
-1
Calculate -3 - -5 - (-1 + (-4 - -3)).
4
What is the value of 0 - -3 - 1 - (-2 + -5)?
9
11 + -2 - 3 - (11 - -1)
-6
Evaluate 12 + -10 + 3 + (-2 - -1).
4
Evaluate (1 - -1) + (-91 - -94).
5
What is 11 - (15 - 11) - 14?
-7
-5 - (3 - (-4 - -7))
-5
Calculate (2 - 2) + (3 - 2) + -4.
-3
What is -1 + -2 - (11 - 9)?
-5
What is the value of -1 + 9 + -1 + -2?
5
What is the value of 0 - 2 - (1 - 1)?
-2
Evaluate 1 + (-1 - -1) + (2 - 1).
2
Calculate 6 + 9 - (5 + 7).
3
Calculate -3 + (5 + -5 - -4) - -1.
2
What is -3 - (2 + -5 + 5 + -7)?
2
Evaluate 7 + (-10 - 0) - -5.
2
What is -27 + 25 + -4 - (-5 + 0)?
-1
Calculate 3 + (-2 - -4 - 0).
5
Calculate -5 + (5 - -2 - 0) + -1.
1
What is the value of 4 + -5 + -1 + -3?
-5
What is the value of (-1 - -1) + (33 - 34)?
-1
Evaluate 1 + -6 + 12 + -6.
1
What is the value of (1 - (-5 + 4 - -5)) + -2?
-5
Evaluate 0 + -2 - (4 + -3 - 1).
-2
What is the value of 4 - (-4 - -7) - (-1 - -8)?
-6
7 + (-13 + 4 + 3 - 3)
-2
What is the value of 5 + -4 + (-3 - (-5 - -4))?
-1
What is -1 + (4 - (-7 + 15))?
-5
Evaluate 12 - (-6 - (-23 - -4)).
-1
What is the value of 8 - 12 - (-1 - 1)?
-2
11 + -8 + (7 - 5)
5
What is the value of 3 - (-7 - (5 + -15))?
0
What is (1 - 5) + (5 - 1) + -5?
-5
Evaluate -4 + 3 + 2 + 0.
1
Evaluate 1 + 2 + -1 + (6 - 3).
5
Calculate (-19 - 0) + -49 + 57.
-11
What is -3 + (0 - (4 + -3 + -9))?
5
What is (-7 - -4 - -1) + -1 + 5?
2
Calculate 0 - (-5 + 2 + 2 + -1).
2
Evaluate 1 - (4 - (-8 - -7)).
-4
3 - (2 + -3 - -4) - 4
-4
What is the value of 2 - 7 - (-6 + (-5 - -10))?
-4
What is 10 + -8 + 0 - -2?
4
Calculate 17 + -17 - (0 + -2 - 1).
3
What is the value of -3 + (5 + -1 - -1) + -6?
-4
What is the value of -1 - (3 + 5) - -1 - -4?
-4
What is the value of (-1 - 0 - 3) + -14 + 13?
-5
-1 + 3 - (-19 + 16) - 0
5
Calculate 6 + 0 + -10 + (24 - 12).
8
Calculate 1 - (-14 + 6) - 12.
-3
Calculate 5 + 1 + (-13 - 7) + 9.
-5
What is (-1 - -5) + 2 - -1?
7
What is the value of -2 + 5 + (2 - 2) - 2?
1
Evaluate -3 - -8 - (11 + -9).
3
What is (2 - (6 - 8)) + 1 + -1?
4
What is 49 + -37 - (-1 - -4)?
9
What is the value of -11 - -2 - (-33 - -28)?
-4
What is the value of -11 + -7 + 14 - 0?
-4
Evaluate 0 - (-2 + 2) - 1.
-1
Calculate 5 - (7 - 3 - 3).
4
-2 + -1 + 3 + 3 - 5
-2
What is (5 - 2) + (-8 - -5)?
0
What is the value of -1 - (4 + -3 + -1)?
-1
What is the value of -1 + (0 - ((-3 - 2) + 3))?
1
Calculate 6 + -2 + 3 + (-13 - -3).
-3
Evaluate 1 + (2 - 3) - -5.
5
Calculate -2 + 2 + -1 + 6.
5
What is the value of 0 + 2 + -5 + 0 + 3?
0
What is 4 + (0 - (6 - 3)) - 4?
-3
What is the value of -1 + 2 + -3 + 2 + 1?
1
Calculate (-5 - (-7 + -1) - 1) + 2.
4
What is the value of (-1 - (-4 - (-1 + 1))) + -3?
0
Evaluate -4 + -5 + 9 - 7.
-7
-6 + 2 + -3 + 13 + -15
-9
Calculate 2 + (1 - 2) - -4.
5
What is the value of (7 - 3) + (4 - 1)?
7
Calculate -3 + 0 - (2 + (4 - 8)).
-1
-4 - (6 - 12) - -3
5
What is 11 - 4 - (16 + -15)?
6
What is the value of 1 + (0 - 0) - (9 - 13)?
5
What is 2 - 0 - (-4 - (-6 - -5))?
5
Evaluate -5 + 1 + 2 - -4.
2
What is the value of -6 - (-2 - 2 - 0)?
-2
What is the value of -7 - ((-17 - -12) + (1 - 0))?
-3
Evaluate 7 + -5 - 0 - -2.
4
What is the value of -1 + -9 - (-124 + 121)?
-7
Calculate 8 + -16 + -2 - (-4 + 3).
-9
Evaluate -1 - (4 + (2 - 8)).
1
What is the value of 3 + -3 - (-10 + -6 - -11)?
5
Evaluate 0 - (5 - (-2 + 3)).
-4
What is the value of 3 - (-1 + -1) - -2 - 2?
5
What is the value of -3 + 1 + -9 + -7 + 13?
-5
What is the value of (-1 - (-3 + 8)) + (6 - 2)?
-2
What is -4 - ((-9 - -2) + 1 - -10)?
-8
Calculate (13 - 17) + (-2 - -7).
1
Evaluate -3 + (5 + 0 - 8) + -3.
-9
Calculate (-9 - 0) + 7 + -2.
-4
What is the value of -14 - (5 - (17 - 3))?
-5
What is -9 + 15 + -4 + 0?
2
Calculate -13 - ((-9 - 9) + 8).
-3
What is the value of -7 + (4 - (-4 - 1)) - 1?
1
What is 4 - (1 + 5) - (2 - 0)?
-4
What is 3 - ((6 - 4) + -1)?
2
What is the value of 2 - ((-4 - -2) + -3 - -4)?
3
Calculate 3 - (0 + 4 - 1).
0
What is -22 - -28 - (7 + -1)?
0
Calculate -6 + 2 + -6 + 6.
-4
What is the value of 1 + -13 + (19 - 6) + -8?
-7
Calculate (-3 - -4) + 0 + -9.
-8
Calculate -1 - -11 - (6 - 1).
5
-3 + (-1 + 3 - -3)
2
What is -3 - (-11 + -1) - 9?
0
Calculate -8 + 2 + 4 + -3.
-5
Calculate 4 + -9 + 9 + (-2 - -6).
8
What is -32 + 35 + (2 - (1 - 1))?
5
Evaluate (5 - 5) + (-3 - -4).
1
6 + -4 + 7 + -17
-8
(6 - 4) + -1 + -4
-3
Evaluate -2 - 5 - (1 + -9) - -5.
6
What is 1 + 3 + 2 + (-1 - 2)?
3
What is (3 - (-3 - (-5 + -4))) + 0?
-3
Evaluate -2 + 4 - 0 - -2.
4
(-10 - -28) + -13 + 2
7
Calculate 5 + (-6 - (-6 + 8)).
-3
What is the value of (2 - -4) + -4 + (5 - 2)?
5
What is the value of -1 + 0 + 4 - 3 - -3?
3
Evaluate -17 + 18 + 2 + -2 + -1.
0
Evaluate 21 + -25 - (2 + 2).
-8
4 - (0 - (0 + -5)) - 1
-2
What is 0 - (4 - -6 - 6)?
-4
What is the value of (-1 - 1) + 143 + -142?
-1
What is the value of (-6 - -1) + 6 + -6?
-5
Evaluate -11 + 6 - -6 - -6.
7
Evaluate (-2 - (-2 - -1)) + -28 + 32.
3
Calculate 0 + -24 + 25 + -1 + -3.
-3
Calculate (-2 - 1) + (77 - 71).
3
Evaluate (4 - (-2 - -4)) + 3.
5
-6 + 7 + (-5 - -2 - 0)
-2
What is (0 - 14) + (11 - 5)?
-8
What is -4 - (3 - (-8 + 14 - 2))?
-3
What is the value of 2 + -11 + (6 - -5)?
2
Calculate -6 - (-42 - -44 - (7 + 0)).
-1
-1 - 6 - (-7 + -2)
2
Calculate (-5 + 8 - (6 + 0)) + -2.
-5
What is the value of 4 + (-12 - -4) + (2 - -3)?
1
Calculate 1 + 3 + (-7 - -1) + -1.
-3
What is (-5 - -2 - 3 - -10) + -3?
1
-35 + 49 + (1 - 6)
9
Evaluate 4 + -4 + (-4 - 1).
-5
Evaluate -14 - -24 - (-4 + 4).
10
Evaluate (13 - 6) + (-9 - -6).
4
What is 2 + 1 + -8 - -10 - -4?
9
What is (0 - 2) + 6 + (1 - 1)?
4
Evaluate 1 - -1 - (-44 + 42).
4
What is the value of 2 - ((2 - 1) + 2) - -1?
0
What is the value of (15 + 1 - 2) + 16 + -22?
8
What is (43 - 41) + (-1 - (0 - -1))?
0
Calculate 4 - (21 + -17 + (3 - -1)).
-4
Calculate (-166 - -156) + 13 + -1.
2
What is (8 - 4) + 2 + -14?
-8
What is -1 + (-6 - (8 - 17))?
2
0 - (6 + 2) - -13
5
What is the value of 4 + (6 - (14 - 3))?
-1
Evaluate (-21 - -30) + 1 + -1 + -1.
8
Evaluate -5 + -5 + 7 + 0.
-3
Evaluate (-4 - (-3 - (-3 + 2))) + -3.
-5
Calculate -6 - (-2 + -10) - (14 + -1).
-7
Evaluate (7 + -4 - 0) + (3 - 1).
5
Evaluate -6 + (-5 - 0 - 2) + 5.
-8
Calculate 0 + 3 - 2 - 3.
-2
1 + (-2 - -1) - 2 - -7
5
What is (2 - 0) + (-13 - -8)?
-3
1 + 0 + -2 + 2
1
What is -11 + -10 + (12 - -4)?
-5
What is 6 + 4 - 5 - 6?
-1
Evaluate 5 + (3 - 1 - (-9 - -21)).
-5
What is (-12 - -9) + -8 + 8?
-3
Evaluate 4 + (-8 - -6 - (-1 - 1)).
4
Calculate -1 - (2 + -2) - -1.
0
What is the value of -3 - (0 - (6 + -4))?
-1
Calculate 1 + (1 - -5 - (-2 - -9)).
0
What is 2 + (-1 - (-1 + 2 + -4))?
4
Calculate (-3 - 1) + 9 + -6.
-1
Calculate 0 + (15 - 17) + (2 - 1).
-1
Calculate (-3 - -4) + -7 + 11.
5
Calculate (5 + -3 - 6) + 10.
6
What is -1 + -5 + (-1 - -2)?
-5
Calculate -20 - (-15 + 9) - -12.
-2
Evaluate -3 - (-10 - (2 - 5)).
4
Evaluate -3 + 3 + 4 + -3 + -3.
-2
Evaluate -8 + 4 + 8 + (-2 - 1).
1
Calculate -2 - -5 - (-1 + 5).
-1
What is the value of (-6 - (-2 - -3)) + 4 - -2?
-1
What is the value of -1 + 7 + -5 + 4 - 9?
-4
(2 - -1) + -3 + (8 - 9)
-1
Evaluate (1 - 3) + -6 - -4.
-4
-5 +